[INFO] fetching crate eth-tx-manager 0.10.0...
[INFO] checking eth-tx-manager-0.10.0 against master#9610dfe5a9a731ced1ea4923ecbd0c57fe367898 for beta-170-4
[INFO] extracting crate eth-tx-manager 0.10.0 into /workspace/builds/worker-1-tc1/source
[INFO] validating manifest of crates.io crate eth-tx-manager 0.10.0 on toolchain 9610dfe5a9a731ced1ea4923ecbd0c57fe367898
[INFO] running `Command { std: CARGO_HOME="/workspace/cargo-home" RUSTUP_HOME="/workspace/rustup-home" "/workspace/cargo-home/bin/cargo" "+9610dfe5a9a731ced1ea4923ecbd0c57fe367898" "metadata" "--manifest-path" "Cargo.toml" "--no-deps", kill_on_drop: false }`
[INFO] started tweaking crates.io crate eth-tx-manager 0.10.0
[INFO] finished tweaking crates.io crate eth-tx-manager 0.10.0
[INFO] tweaked toml for crates.io crate eth-tx-manager 0.10.0 written to /workspace/builds/worker-1-tc1/source/Cargo.toml
[INFO] crate crates.io crate eth-tx-manager 0.10.0 already has a lockfile, it will not be regenerated
[INFO] running `Command { std: CARGO_HOME="/workspace/cargo-home" RUSTUP_HOME="/workspace/rustup-home" "/workspace/cargo-home/bin/cargo" "+9610dfe5a9a731ced1ea4923ecbd0c57fe367898" "fetch" "--manifest-path" "Cargo.toml", kill_on_drop: false }`
[INFO] [stderr]     Updating crates.io index
[INFO] [stderr]  Downloading crates ...
[INFO] [stderr]   Downloaded open-fastrlp-derive v0.1.1
[INFO] [stderr]   Downloaded radium v0.7.0
[INFO] [stderr]   Downloaded uint v0.9.5
[INFO] [stderr]   Downloaded parity-scale-codec v3.4.0
[INFO] [stderr]   Downloaded impl-trait-for-tuples v0.2.2
[INFO] [stderr]   Downloaded scale-info v2.5.0
[INFO] [stderr]   Downloaded dunce v1.0.3
[INFO] [stderr]   Downloaded base64ct v1.6.0
[INFO] [stderr]   Downloaded wasm-timer v0.2.5
[INFO] [stderr]   Downloaded solang-parser v0.1.18
[INFO] [stderr]   Downloaded anstyle v0.3.5
[INFO] [stderr]   Downloaded ethers-providers v1.0.2
[INFO] [stderr]   Downloaded ethers-middleware v1.0.2
[INFO] [stderr]   Downloaded primitive-types v0.12.1
[INFO] [stderr]   Downloaded impl-serde v0.4.0
[INFO] [stderr]   Downloaded ethers-contract-derive v1.0.2
[INFO] [stderr]   Downloaded pico-args v0.4.2
[INFO] [stderr]   Downloaded bech32 v0.7.3
[INFO] [stderr]   Downloaded tungstenite v0.17.3
[INFO] [stderr]   Downloaded ethabi v18.0.0
[INFO] [stderr]   Downloaded clap_builder v4.2.1
[INFO] [stderr]   Downloaded futures-timer v3.0.2
[INFO] [stderr]   Downloaded futures-locks v0.7.1
[INFO] [stderr]   Downloaded base58check v0.1.0
[INFO] [stderr]   Downloaded ethers-etherscan v1.0.2
[INFO] [stderr]   Downloaded ethers-contract v1.0.2
[INFO] [stderr]   Downloaded ethers-addressbook v1.0.2
[INFO] [stderr]   Downloaded concolor-override v1.0.0
[INFO] [stderr]   Downloaded anstyle-wincon v0.2.0
[INFO] [stderr]   Downloaded clap v4.2.1
[INFO] [stderr]   Downloaded pharos v0.5.3
[INFO] [stderr]   Downloaded ethers-contract-abigen v1.0.2
[INFO] [stderr]   Downloaded ethers-signers v1.0.2
[INFO] [stderr]   Downloaded const-oid v0.9.2
[INFO] [stderr]   Downloaded ethbloom v0.13.0
[INFO] [stderr]   Downloaded sha3 v0.10.7
[INFO] [stderr]   Downloaded send_wrapper v0.6.0
[INFO] [stderr]   Downloaded lalrpop v0.19.9
[INFO] [stderr]   Downloaded ethers v1.0.2
[INFO] [stderr]   Downloaded salsa20 v0.10.2
[INFO] [stderr]   Downloaded serde-aux v4.2.0
[INFO] [stderr]   Downloaded parity-scale-codec-derive v3.1.4
[INFO] [stderr]   Downloaded tokio-tungstenite v0.17.2
[INFO] [stderr]   Downloaded tracing-futures v0.2.5
[INFO] [stderr]   Downloaded hashers v1.0.1
[INFO] [stderr]   Downloaded ws_stream_wasm v0.7.4
[INFO] [stderr]   Downloaded base58 v0.1.0
[INFO] [stderr]   Downloaded coins-bip39 v0.7.0
[INFO] [stderr]   Downloaded anstyle-parse v0.1.1
[INFO] [stderr]   Downloaded ripemd v0.1.3
[INFO] [stderr]   Downloaded byte-slice-cast v1.2.2
[INFO] [stderr]   Downloaded ethers-solc v1.0.2
[INFO] [stderr]   Downloaded svm-rs v0.2.22
[INFO] [stderr]   Downloaded concolor-query v0.3.3
[INFO] [stderr]   Downloaded anstream v0.2.6
[INFO] [stderr]   Downloaded sha-1 v0.10.1
[INFO] [stderr]   Downloaded bitvec v0.17.4
[INFO] [stderr]   Downloaded coins-core v0.7.0
[INFO] [stderr]   Downloaded string_cache v0.8.7
[INFO] [stderr]   Downloaded ena v0.14.2
[INFO] [stderr]   Downloaded lalrpop-util v0.19.9
[INFO] [stderr]   Downloaded async_io_stream v0.3.3
[INFO] [stderr]   Downloaded bitvec v1.0.1
[INFO] [stderr]   Downloaded path-slash v0.2.1
[INFO] [stderr]   Downloaded cipher v0.4.4
[INFO] [stderr]   Downloaded open-fastrlp v0.1.4
[INFO] [stderr]   Downloaded term v0.7.0
[INFO] [stderr]   Downloaded zeroize v1.6.0
[INFO] [stderr]   Downloaded impl-codec v0.6.0
[INFO] [stderr]   Downloaded impl-rlp v0.3.0
[INFO] [stderr]   Downloaded ascii-canvas v3.0.0
[INFO] [stderr]   Downloaded serial_test_derive v2.0.0
[INFO] [stderr]   Downloaded scrypt v0.10.0
[INFO] [stderr]   Downloaded eth-keystore v0.5.0
[INFO] [stderr]   Downloaded keccak v0.1.3
[INFO] [stderr]   Downloaded k256 v0.11.6
[INFO] [stderr]   Downloaded ethers-core v1.0.2
[INFO] [stderr]   Downloaded coins-bip32 v0.7.0
[INFO] [stderr]   Downloaded uuid v0.8.2
[INFO] [stderr]   Downloaded funty v2.0.0
[INFO] [stderr]   Downloaded ethereum-types v0.14.1
[INFO] [stderr]   Downloaded rlp-derive v0.1.0
[INFO] [stderr]   Downloaded auto_impl v1.0.1
[INFO] [stderr]   Downloaded fixed-hash v0.8.0
[INFO] [stderr]   Downloaded rlp v0.5.2
[INFO] [stderr]   Downloaded clap v3.2.23
[INFO] [stderr]   Downloaded serial_test v2.0.0
[INFO] [stderr]   Downloaded syn v2.0.14
[INFO] [stderr]   Downloaded wyz v0.5.1
[INFO] [stderr]   Downloaded scale-info-derive v2.5.0
[INFO] running `Command { std: "docker" "create" "-v" "/var/lib/crater-agent-workspace/builds/worker-1-tc1/target:/opt/rustwide/target:rw,Z" "-v" "/var/lib/crater-agent-workspace/builds/worker-1-tc1/source:/opt/rustwide/workdir:ro,Z" "-v" "/var/lib/crater-agent-workspace/cargo-home:/opt/rustwide/cargo-home:ro,Z" "-v" "/var/lib/crater-agent-workspace/rustup-home:/opt/rustwide/rustup-home:ro,Z" "-e" "SOURCE_DIR=/opt/rustwide/workdir" "-e" "CARGO_TARGET_DIR=/opt/rustwide/target" "-e" "CARGO_HOME=/opt/rustwide/cargo-home" "-e" "RUSTUP_HOME=/opt/rustwide/rustup-home" "-w" "/opt/rustwide/workdir" "-m" "1610612736" "--user" "0:0" "--network" "none" "ghcr.io/rust-lang/crates-build-env/linux@sha256:19e73879b68f455e41552ea35293514db52ea292d993f571636dbffedb77a1ee" "/opt/rustwide/cargo-home/bin/cargo" "+9610dfe5a9a731ced1ea4923ecbd0c57fe367898" "metadata" "--no-deps" "--format-version=1", kill_on_drop: false }`
[INFO] [stdout] 78b32cb0676e78f753a0e740d0dbdd1bb1224b4acae3b96e27e90ef26c90786b
[INFO] running `Command { std: "docker" "start" "-a" "78b32cb0676e78f753a0e740d0dbdd1bb1224b4acae3b96e27e90ef26c90786b", kill_on_drop: false }`
[INFO] running `Command { std: "docker" "inspect" "78b32cb0676e78f753a0e740d0dbdd1bb1224b4acae3b96e27e90ef26c90786b", kill_on_drop: false }`
[INFO] running `Command { std: "docker" "rm" "-f" "78b32cb0676e78f753a0e740d0dbdd1bb1224b4acae3b96e27e90ef26c90786b", kill_on_drop: false }`
[INFO] [stdout] 78b32cb0676e78f753a0e740d0dbdd1bb1224b4acae3b96e27e90ef26c90786b
[INFO] running `Command { std: "docker" "create" "-v" "/var/lib/crater-agent-workspace/builds/worker-1-tc1/target:/opt/rustwide/target:rw,Z" "-v" "/var/lib/crater-agent-workspace/builds/worker-1-tc1/source:/opt/rustwide/workdir:ro,Z" "-v" "/var/lib/crater-agent-workspace/cargo-home:/opt/rustwide/cargo-home:ro,Z" "-v" "/var/lib/crater-agent-workspace/rustup-home:/opt/rustwide/rustup-home:ro,Z" "-e" "SOURCE_DIR=/opt/rustwide/workdir" "-e" "CARGO_TARGET_DIR=/opt/rustwide/target" "-e" "CARGO_INCREMENTAL=0" "-e" "RUST_BACKTRACE=full" "-e" "RUSTFLAGS=--cap-lints=forbid" "-e" "RUSTDOCFLAGS=--cap-lints=forbid" "-e" "CARGO_HOME=/opt/rustwide/cargo-home" "-e" "RUSTUP_HOME=/opt/rustwide/rustup-home" "-w" "/opt/rustwide/workdir" "-m" "1610612736" "--user" "0:0" "--network" "none" "ghcr.io/rust-lang/crates-build-env/linux@sha256:19e73879b68f455e41552ea35293514db52ea292d993f571636dbffedb77a1ee" "/opt/rustwide/cargo-home/bin/cargo" "+9610dfe5a9a731ced1ea4923ecbd0c57fe367898" "check" "--frozen" "--all" "--all-targets" "--message-format=json", kill_on_drop: false }`
[INFO] [stdout] 2782b8067e40e20615df051a1455de534d7f5591f5a571977e02125fde541886
[INFO] running `Command { std: "docker" "start" "-a" "2782b8067e40e20615df051a1455de534d7f5591f5a571977e02125fde541886", kill_on_drop: false }`
[INFO] [stderr]    Compiling libc v0.2.141
[INFO] [stderr]    Compiling serde_derive v1.0.160
[INFO] [stderr]    Compiling serde v1.0.160
[INFO] [stderr]    Compiling syn v1.0.109
[INFO] [stderr]    Compiling cc v1.0.79
[INFO] [stderr]    Compiling proc-macro2 v1.0.56
[INFO] [stderr]    Compiling quote v1.0.26
[INFO] [stderr]     Checking subtle v2.4.1
[INFO] [stderr]    Compiling crunchy v0.2.2
[INFO] [stderr]    Compiling winnow v0.4.1
[INFO] [stderr]    Compiling indexmap v1.9.3
[INFO] [stderr]     Checking crypto-common v0.1.6
[INFO] [stderr]     Checking cpufeatures v0.2.6
[INFO] [stderr]     Checking zeroize v1.6.0
[INFO] [stderr]     Checking base64ct v1.6.0
[INFO] [stderr]    Compiling typenum v1.16.0
[INFO] [stderr]    Compiling futures-task v0.3.28
[INFO] [stderr]    Compiling futures-channel v0.3.28
[INFO] [stderr]    Compiling rustls v0.20.8
[INFO] [stderr]     Checking digest v0.10.6
[INFO] [stderr]     Checking hex v0.4.3
[INFO] [stderr]     Checking regex-syntax v0.6.29
[INFO] [stderr]    Compiling tokio v1.27.0
[INFO] [stderr]    Compiling futures-util v0.3.28
[INFO] [stderr]     Checking const-oid v0.9.2
[INFO] [stderr]     Checking hmac v0.12.1
[INFO] [stderr]    Compiling serde_json v1.0.95
[INFO] [stderr]    Compiling camino v1.1.4
[INFO] [stderr]     Checking rustc-hex v2.1.0
[INFO] [stderr]     Checking byte-slice-cast v1.2.2
[INFO] [stderr]     Checking der v0.6.1
[INFO] [stderr]     Checking arrayvec v0.7.2
[INFO] [stderr]     Checking sha2 v0.10.6
[INFO] [stderr]    Compiling tiny-keccak v2.0.2
[INFO] [stderr]     Checking keccak v0.1.3
[INFO] [stderr]    Compiling itoa v1.0.6
[INFO] [stderr]    Compiling syn v2.0.14
[INFO] [stderr]     Checking sha3 v0.10.7
[INFO] [stderr]    Compiling generic-array v0.14.7
[INFO] [stderr]     Checking base16ct v0.1.1
[INFO] [stderr]    Compiling aho-corasick v0.7.20
[INFO] [stderr]    Compiling proc-macro-error-attr v1.0.4
[INFO] [stderr]     Checking uint v0.9.5
[INFO] [stderr]     Checking foreign-types-shared v0.1.1
[INFO] [stderr]    Compiling openssl v0.10.50
[INFO] [stderr]     Checking spki v0.6.0
[INFO] [stderr]     Checking pkcs8 v0.9.0
[INFO] [stderr]     Checking foreign-types v0.3.2
[INFO] [stderr]    Compiling byteorder v1.4.3
[INFO] [stderr]     Checking sec1 v0.3.0
[INFO] [stderr]    Compiling ring v0.16.20
[INFO] [stderr]    Compiling openssl-sys v0.9.85
[INFO] [stderr]    Compiling block-buffer v0.10.4
[INFO] [stderr]     Checking unicode-ident v1.0.8
[INFO] [stderr]    Compiling spin v0.5.2
[INFO] [stderr]    Compiling static_assertions v1.1.0
[INFO] [stderr]    Compiling native-tls v0.2.11
[INFO] [stderr]    Compiling untrusted v0.7.1
[INFO] [stderr]    Compiling futures-core v0.3.28
[INFO] [stderr]    Compiling toml_edit v0.19.8
[INFO] [stderr]     Checking getrandom v0.2.9
[INFO] [stderr]     Checking parking_lot_core v0.9.7
[INFO] [stderr]     Checking num_cpus v1.15.0
[INFO] [stderr]     Checking rand_core v0.6.4
[INFO] [stderr]     Checking mio v0.8.6
[INFO] [stderr]     Checking parking_lot v0.12.1
[INFO] [stderr]     Checking socket2 v0.4.9
[INFO] [stderr]     Checking signal-hook-registry v1.4.1
[INFO] [stderr]     Checking rand_chacha v0.3.1
[INFO] [stderr]     Checking crypto-bigint v0.4.9
[INFO] [stderr]     Checking ff v0.12.1
[INFO] [stderr]     Checking signature v1.6.4
[INFO] [stderr]     Checking regex v1.7.3
[INFO] [stderr]     Checking group v0.12.1
[INFO] [stderr]     Checking rand v0.8.5
[INFO] [stderr]     Checking num-integer v0.1.45
[INFO] [stderr]     Checking url v2.3.1
[INFO] [stderr]    Compiling tracing-core v0.1.30
[INFO] [stderr]     Checking rfc6979 v0.3.1
[INFO] [stderr]     Checking elliptic-curve v0.12.3
[INFO] [stderr]    Compiling siphasher v0.3.10
[INFO] [stderr]     Checking fixed-hash v0.8.0
[INFO] [stderr]    Compiling rustix v0.37.11
[INFO] [stderr]    Compiling ryu v1.0.13
[INFO] [stderr]    Compiling unicode-xid v0.2.4
[INFO] [stderr]     Checking ecdsa v0.14.8
[INFO] [stderr]    Compiling tracing v0.1.37
[INFO] [stderr]    Compiling phf_shared v0.10.0
[INFO] [stderr]     Checking chrono v0.4.24
[INFO] [stderr]     Checking convert_case v0.6.0
[INFO] [stderr]     Checking k256 v0.11.6
[INFO] [stderr]     Checking io-lifetimes v1.0.10
[INFO] [stderr]     Checking generic-array v0.12.4
[INFO] [stderr]    Compiling proc-macro-crate v1.3.1
[INFO] [stderr]    Compiling tinyvec_macros v0.1.1
[INFO] [stderr]    Compiling futures-sink v0.3.28
[INFO] [stderr]     Checking byte-tools v0.3.1
[INFO] [stderr]     Checking linux-raw-sys v0.3.1
[INFO] [stderr]    Compiling futures-io v0.3.28
[INFO] [stderr]     Checking block-padding v0.1.5
[INFO] [stderr]    Compiling tinyvec v1.6.0
[INFO] [stderr]    Compiling dirs-sys-next v0.1.2
[INFO] [stderr]     Checking inout v0.1.3
[INFO] [stderr]    Compiling try-lock v0.2.4
[INFO] [stderr]    Compiling percent-encoding v2.2.0
[INFO] [stderr]    Compiling eyre v0.6.8
[INFO] [stderr]    Compiling form_urlencoded v1.1.0
[INFO] [stderr]     Checking cipher v0.4.4
[INFO] [stderr]    Compiling dirs-next v2.0.0
[INFO] [stderr]    Compiling want v0.3.0
[INFO] [stderr]     Checking block-buffer v0.7.3
[INFO] [stderr]     Checking digest v0.8.1
[INFO] [stderr]     Checking webpki v0.22.0
[INFO] [stderr]     Checking sct v0.7.0
[INFO] [stderr]    Compiling num-traits v0.2.15
[INFO] [stderr]    Compiling httparse v1.8.0
[INFO] [stderr]    Compiling httpdate v1.0.2
[INFO] [stderr]     Checking opaque-debug v0.2.3
[INFO] [stderr]     Checking fake-simd v0.1.2
[INFO] [stderr]     Checking webpki-roots v0.22.6
[INFO] [stderr]    Compiling unicode-normalization v0.1.22
[INFO] [stderr]    Compiling tower-service v0.3.2
[INFO] [stderr]    Compiling unicode-bidi v0.3.13
[INFO] [stderr]     Checking sha2 v0.8.2
[INFO] [stderr]    Compiling proc-macro-error v1.0.4
[INFO] [stderr]    Compiling idna v0.3.0
[INFO] [stderr]    Compiling term v0.7.0
[INFO] [stderr]     Checking password-hash v0.4.2
[INFO] [stderr]    Compiling base64 v0.21.0
[INFO] [stderr]    Compiling fixedbitset v0.4.2
[INFO] [stderr]    Compiling either v1.8.1
[INFO] [stderr]     Checking base58 v0.1.0
[INFO] [stderr]    Compiling proc-macro-hack v0.5.20+deprecated
[INFO] [stderr]    Compiling string_cache v0.8.7
[INFO] [stderr]     Checking base58check v0.1.0
[INFO] [stderr]    Compiling itertools v0.10.5
[INFO] [stderr]    Compiling petgraph v0.6.3
[INFO] [stderr]    Compiling rustls-pemfile v1.0.2
[INFO] [stderr]    Compiling ascii-canvas v3.0.0
[INFO] [stderr]    Compiling bit-set v0.5.3
[INFO] [stderr]     Checking pbkdf2 v0.11.0
[INFO] [stderr]    Compiling thiserror-impl v1.0.40
[INFO] [stderr]    Compiling futures-macro v0.3.28
[INFO] [stderr]    Compiling tokio-macros v2.0.0
[INFO] [stderr]    Compiling openssl-macros v0.1.1
[INFO] [stderr]    Compiling lalrpop-util v0.19.9
[INFO] [stderr]     Checking ripemd v0.1.3
[INFO] [stderr]     Checking sha-1 v0.10.1
[INFO] [stderr]     Checking blake2 v0.10.6
[INFO] [stderr]    Compiling ena v0.14.2
[INFO] [stderr]    Compiling encoding_rs v0.8.32
[INFO] [stderr]    Compiling indenter v0.3.3
[INFO] [stderr]    Compiling is-terminal v0.4.7
[INFO] [stderr]    Compiling ipnet v2.7.2
[INFO] [stderr]    Compiling diff v0.1.13
[INFO] [stderr]    Compiling mime v0.3.17
[INFO] [stderr]     Checking bech32 v0.7.3
[INFO] [stderr]    Compiling same-file v1.0.6
[INFO] [stderr]    Compiling pico-args v0.4.2
[INFO] [stderr]    Compiling walkdir v2.3.3
[INFO] [stderr]    Compiling Inflector v0.11.4
[INFO] [stderr]    Compiling lalrpop v0.19.9
[INFO] [stderr]    Compiling async-trait v0.1.68
[INFO] [stderr]     Checking salsa20 v0.10.2
[INFO] [stderr]    Compiling phf_generator v0.10.0
[INFO] [stderr]     Checking terminal_size v0.1.17
[INFO] [stderr]    Compiling dunce v1.0.3
[INFO] [stderr]     Checking radium v0.3.0
[INFO] [stderr]     Checking bs58 v0.4.0
[INFO] [stderr]    Compiling anyhow v1.0.70
[INFO] [stderr]     Checking tempfile v3.5.0
[INFO] [stderr]     Checking bitvec v0.17.4
[INFO] [stderr]     Checking console v0.14.1
[INFO] [stderr]     Checking clap_lex v0.2.4
[INFO] [stderr]     Checking scrypt v0.10.0
[INFO] [stderr]     Checking hashers v1.0.1
[INFO] [stderr]     Checking ctr v0.9.2
[INFO] [stderr]     Checking aes v0.8.2
[INFO] [stderr]     Checking thiserror v1.0.40
[INFO] [stderr]     Checking atty v0.2.14
[INFO] [stderr]     Checking console v0.15.5
[INFO] [stderr]     Checking block-buffer v0.9.0
[INFO] [stderr]     Checking digest v0.9.0
[INFO] [stderr]     Checking futures-timer v3.0.2
[INFO] [stderr]     Checking number_prefix v0.4.0
[INFO] [stderr]     Checking anstyle-parse v0.1.1
[INFO] [stderr]     Checking sha2 v0.9.9
[INFO] [stderr]     Checking dialoguer v0.8.0
[INFO] [stderr]     Checking rayon-core v1.11.0
[INFO] [stderr]     Checking indicatif v0.16.2
[INFO] [stderr]     Checking fs2 v0.4.3
[INFO] [stderr]     Checking concolor-query v0.3.3
[INFO] [stderr]     Checking anstyle v0.3.5
[INFO] [stderr]     Checking concolor-override v1.0.0
[INFO] [stderr]     Checking futures-locks v0.7.1
[INFO] [stderr]     Checking md-5 v0.10.5
[INFO] [stderr]     Checking instant v0.1.12
[INFO] [stderr]     Checking path-slash v0.2.1
[INFO] [stderr]    Compiling clap_derive v4.2.0
[INFO] [stderr]     Checking regex-automata v0.1.10
[INFO] [stderr]    Compiling serial_test_derive v2.0.0
[INFO] [stderr]     Checking anstream v0.2.6
[INFO] [stderr]    Compiling async-recursion v1.0.4
[INFO] [stderr]     Checking dashmap v5.4.0
[INFO] [stderr]    Compiling parity-scale-codec-derive v3.1.4
[INFO] [stderr]    Compiling impl-trait-for-tuples v0.2.2
[INFO] [stderr]    Compiling derive_more v0.99.17
[INFO] [stderr]    Compiling scale-info-derive v2.5.0
[INFO] [stderr]    Compiling tracing-attributes v0.1.23
[INFO] [stderr]    Compiling strum_macros v0.24.3
[INFO] [stderr]    Compiling auto_impl v1.0.1
[INFO] [stderr]    Compiling rlp-derive v0.1.0
[INFO] [stderr]    Compiling pin-project-internal v1.0.12
[INFO] [stderr]    Compiling phf_macros v0.10.0
[INFO] [stderr]    Compiling clap_derive v3.2.18
[INFO] [stderr]     Checking rayon v1.7.0
[INFO] [stderr]    Compiling auto_impl v0.5.0
[INFO] [stderr]     Checking futures-executor v0.3.28
[INFO] [stderr]     Checking clap_builder v4.2.1
[INFO] [stderr]     Checking futures v0.3.28
[INFO] [stderr]     Checking matchers v0.1.0
[INFO] [stderr]     Checking phf v0.10.1
[INFO] [stderr]     Checking tracing-log v0.1.3
[INFO] [stderr]     Checking serial_test v2.0.0
[INFO] [stderr]     Checking tracing-subscriber v0.3.16
[INFO] [stderr]     Checking pin-project v1.0.12
[INFO] [stderr]     Checking tracing-futures v0.2.5
[INFO] [stderr]     Checking strum v0.24.1
[INFO] [stderr]     Checking clap v3.2.23
[INFO] [stderr]     Checking clap v4.2.1
[INFO] [stderr]     Checking bytes v1.4.0
[INFO] [stderr]     Checking parity-scale-codec v3.4.0
[INFO] [stderr]     Checking impl-serde v0.4.0
[INFO] [stderr]     Checking semver v1.0.17
[INFO] [stderr]     Checking cargo-platform v0.1.2
[INFO] [stderr]     Checking serde_urlencoded v0.7.1
[INFO] [stderr]     Checking bincode v1.3.3
[INFO] [stderr]     Checking coins-core v0.7.0
[INFO] [stderr]     Checking toml v0.5.11
[INFO] [stderr]     Checking uuid v0.8.2
[INFO] [stderr]     Checking rlp v0.5.2
[INFO] [stderr]     Checking http v0.2.9
[INFO] [stderr]     Checking coins-bip32 v0.7.0
[INFO] [stderr]     Checking impl-rlp v0.3.0
[INFO] [stderr]     Checking impl-codec v0.6.0
[INFO] [stderr]     Checking scale-info v2.5.0
[INFO] [stderr]     Checking cargo_metadata v0.15.4
[INFO] [stderr]     Checking http-body v0.4.5
[INFO] [stderr]     Checking primitive-types v0.12.1
[INFO] [stderr]     Checking ethbloom v0.13.0
[INFO] [stderr]    Compiling open-fastrlp-derive v0.1.1
[INFO] [stderr]     Checking tungstenite v0.17.3
[INFO] [stderr]     Checking serde-aux v4.2.0
[INFO] [stderr]     Checking eth-keystore v0.5.0
[INFO] [stderr]     Checking coins-bip39 v0.7.0
[INFO] [stderr]     Checking ethereum-types v0.14.1
[INFO] [stderr]    Compiling solang-parser v0.1.18
[INFO] [stderr]     Checking ethabi v18.0.0
[INFO] [stderr]     Checking open-fastrlp v0.1.4
[INFO] [stderr]     Checking ethers-core v1.0.2
[INFO] [stderr]     Checking tokio-util v0.7.7
[INFO] [stderr]     Checking tokio-rustls v0.23.4
[INFO] [stderr]     Checking tokio-native-tls v0.3.1
[INFO] [stderr]     Checking tokio-tungstenite v0.17.2
[INFO] [stderr]     Checking h2 v0.3.16
[INFO] [stderr]     Checking ethers-signers v1.0.2
[INFO] [stderr]     Checking ethers-addressbook v1.0.2
[INFO] [stderr]     Checking hyper v0.14.25
[INFO] [stderr]     Checking hyper-tls v0.5.0
[INFO] [stderr]     Checking hyper-rustls v0.23.2
[INFO] [stderr]     Checking reqwest v0.11.16
[INFO] [stderr]     Checking ethers-contract-abigen v1.0.2
[INFO] [stderr]     Checking ethers-providers v1.0.2
[INFO] [stderr]     Checking ethers-etherscan v1.0.2
[INFO] [stderr]     Checking svm-rs v0.2.22
[INFO] [stderr]    Compiling ethers-contract-derive v1.0.2
[INFO] [stderr]     Checking ethers-contract v1.0.2
[INFO] [stderr]     Checking ethers-solc v1.0.2
[INFO] [stderr]     Checking ethers-middleware v1.0.2
[INFO] [stderr]     Checking ethers v1.0.2
[INFO] [stderr]     Checking eth-tx-manager v0.10.0 (/opt/rustwide/workdir)
[INFO] [stdout] error[E0432]: unresolved import `utilities`
[INFO] [stdout]   --> tests/testnet_test.rs:18:5
[INFO] [stdout]    |
[INFO] [stdout] 18 | use utilities::{Account, ProviderWrapper, TestConfiguration, TEST_CONFIGURATION_PATH};
[INFO] [stdout]    |     ^^^^^^^^^ use of undeclared crate or module `utilities`
[INFO] [stdout] 
[INFO] [stdout] 
[INFO] [stdout] error[E0433]: failed to resolve: use of undeclared crate or module `utilities`
[INFO] [stdout]   --> tests/mock_test.rs:12:5
[INFO] [stdout]    |
[INFO] [stdout] 12 | use utilities::{
[INFO] [stdout]    |     ^^^^^^^^^ use of undeclared crate or module `utilities`
[INFO] [stdout] 
[INFO] [stdout] 
[INFO] [stdout] error[E0432]: unresolved import `utilities`
[INFO] [stdout]   --> tests/mock_test.rs:12:5
[INFO] [stdout]    |
[INFO] [stdout] 12 | use utilities::{
[INFO] [stdout]    |     ^^^^^^^^^ use of undeclared crate or module `utilities`
[INFO] [stdout] 
[INFO] [stdout] 
[INFO] [stdout] error: cannot determine resolution for the macro `assert_ok`
[INFO] [stdout]   --> tests/mock_test.rs:52:9
[INFO] [stdout]    |
[INFO] [stdout] 52 |         assert_ok!(result);
[INFO] [stdout]    |         ^^^^^^^^^
[INFO] [stdout]    |
[INFO] [stdout]    = note: import resolution is stuck, try simplifying macro imports
[INFO] [stdout] 
[INFO] [stdout] 
[INFO] [stdout] error: cannot determine resolution for the macro `assert_err`
[INFO] [stdout]   --> tests/mock_test.rs:66:9
[INFO] [stdout]    |
[INFO] [stdout] 66 |         assert_err!(result, expected_err);
[INFO] [stdout]    |         ^^^^^^^^^^
[INFO] [stdout]    |
[INFO] [stdout]    = note: import resolution is stuck, try simplifying macro imports
[INFO] [stdout] 
[INFO] [stdout] 
[INFO] [stdout] error: cannot determine resolution for the macro `assert_ok`
[INFO] [stdout]    --> tests/mock_test.rs:100:9
[INFO] [stdout]     |
[INFO] [stdout] 100 |         assert_ok!(result);
[INFO] [stdout]     |         ^^^^^^^^^
[INFO] [stdout]     |
[INFO] [stdout]     = note: import resolution is stuck, try simplifying macro imports
[INFO] [stdout] 
[INFO] [stdout] 
[INFO] [stdout] error: cannot determine resolution for the macro `assert_err`
[INFO] [stdout]    --> tests/mock_test.rs:138:9
[INFO] [stdout]     |
[INFO] [stdout] 138 |         assert_err!(result, expected_err);
[INFO] [stdout]     |         ^^^^^^^^^^
[INFO] [stdout]     |
[INFO] [stdout]     = note: import resolution is stuck, try simplifying macro imports
[INFO] [stdout] 
[INFO] [stdout] 
[INFO] [stdout] error: cannot determine resolution for the macro `assert_ok`
[INFO] [stdout]    --> tests/mock_test.rs:155:9
[INFO] [stdout]     |
[INFO] [stdout] 155 |         assert_ok!(result);
[INFO] [stdout]     |         ^^^^^^^^^
[INFO] [stdout]     |
[INFO] [stdout]     = note: import resolution is stuck, try simplifying macro imports
[INFO] [stdout] 
[INFO] [stdout] 
[INFO] [stdout] error: cannot determine resolution for the macro `assert_ok`
[INFO] [stdout]    --> tests/mock_test.rs:174:9
[INFO] [stdout]     |
[INFO] [stdout] 174 |         assert_ok!(result);
[INFO] [stdout]     |         ^^^^^^^^^
[INFO] [stdout]     |
[INFO] [stdout]     = note: import resolution is stuck, try simplifying macro imports
[INFO] [stdout] 
[INFO] [stdout] 
[INFO] [stdout] error: cannot determine resolution for the macro `assert_ok`
[INFO] [stdout]    --> tests/mock_test.rs:196:9
[INFO] [stdout]     |
[INFO] [stdout] 196 |         assert_ok!(result);
[INFO] [stdout]     |         ^^^^^^^^^
[INFO] [stdout]     |
[INFO] [stdout]     = note: import resolution is stuck, try simplifying macro imports
[INFO] [stdout] 
[INFO] [stdout] 
[INFO] [stdout] error: cannot determine resolution for the macro `assert_ok`
[INFO] [stdout]    --> tests/mock_test.rs:215:9
[INFO] [stdout]     |
[INFO] [stdout] 215 |         assert_ok!(result);
[INFO] [stdout]     |         ^^^^^^^^^
[INFO] [stdout]     |
[INFO] [stdout]     = note: import resolution is stuck, try simplifying macro imports
[INFO] [stdout] 
[INFO] [stdout] 
[INFO] [stdout] error: cannot determine resolution for the macro `assert_ok`
[INFO] [stdout]    --> tests/mock_test.rs:234:9
[INFO] [stdout]     |
[INFO] [stdout] 234 |         assert_ok!(result);
[INFO] [stdout]     |         ^^^^^^^^^
[INFO] [stdout]     |
[INFO] [stdout]     = note: import resolution is stuck, try simplifying macro imports
[INFO] [stdout] 
[INFO] [stdout] 
[INFO] [stdout] error: cannot determine resolution for the macro `assert_ok`
[INFO] [stdout]    --> tests/mock_test.rs:253:9
[INFO] [stdout]     |
[INFO] [stdout] 253 |         assert_ok!(result);
[INFO] [stdout]     |         ^^^^^^^^^
[INFO] [stdout]     |
[INFO] [stdout]     = note: import resolution is stuck, try simplifying macro imports
[INFO] [stdout] 
[INFO] [stdout] 
[INFO] [stdout] error: cannot determine resolution for the macro `assert_err`
[INFO] [stdout]    --> tests/mock_test.rs:281:9
[INFO] [stdout]     |
[INFO] [stdout] 281 |         assert_err!(result, expected_err);
[INFO] [stdout]     |         ^^^^^^^^^^
[INFO] [stdout]     |
[INFO] [stdout]     = note: import resolution is stuck, try simplifying macro imports
[INFO] [stdout] 
[INFO] [stdout] 
[INFO] [stdout] error: cannot determine resolution for the macro `assert_err`
[INFO] [stdout]    --> tests/mock_test.rs:294:9
[INFO] [stdout]     |
[INFO] [stdout] 294 |         assert_err!(result, expected_err);
[INFO] [stdout]     |         ^^^^^^^^^^
[INFO] [stdout]     |
[INFO] [stdout]     = note: import resolution is stuck, try simplifying macro imports
[INFO] [stdout] 
[INFO] [stdout] 
[INFO] [stdout] error: cannot determine resolution for the macro `assert_err`
[INFO] [stdout]    --> tests/mock_test.rs:307:9
[INFO] [stdout]     |
[INFO] [stdout] 307 |         assert_err!(result, expected_err);
[INFO] [stdout]     |         ^^^^^^^^^^
[INFO] [stdout]     |
[INFO] [stdout]     = note: import resolution is stuck, try simplifying macro imports
[INFO] [stdout] 
[INFO] [stdout] 
[INFO] [stdout] error: cannot determine resolution for the macro `assert_err`
[INFO] [stdout]    --> tests/mock_test.rs:320:9
[INFO] [stdout]     |
[INFO] [stdout] 320 |         assert_err!(result, expected_err);
[INFO] [stdout]     |         ^^^^^^^^^^
[INFO] [stdout]     |
[INFO] [stdout]     = note: import resolution is stuck, try simplifying macro imports
[INFO] [stdout] 
[INFO] [stdout] 
[INFO] [stdout] error: cannot determine resolution for the macro `assert_err`
[INFO] [stdout]    --> tests/mock_test.rs:333:9
[INFO] [stdout]     |
[INFO] [stdout] 333 |         assert_err!(result, expected_err);
[INFO] [stdout]     |         ^^^^^^^^^^
[INFO] [stdout]     |
[INFO] [stdout]     = note: import resolution is stuck, try simplifying macro imports
[INFO] [stdout] 
[INFO] [stdout] 
[INFO] [stdout] error: cannot determine resolution for the macro `assert_err`
[INFO] [stdout]    --> tests/mock_test.rs:346:9
[INFO] [stdout]     |
[INFO] [stdout] 346 |         assert_err!(result, expected_err);
[INFO] [stdout]     |         ^^^^^^^^^^
[INFO] [stdout]     |
[INFO] [stdout]     = note: import resolution is stuck, try simplifying macro imports
[INFO] [stdout] 
[INFO] [stdout] 
[INFO] [stdout] error: cannot determine resolution for the macro `assert_ok`
[INFO] [stdout]    --> tests/mock_test.rs:364:9
[INFO] [stdout]     |
[INFO] [stdout] 364 |         assert_ok!(result);
[INFO] [stdout]     |         ^^^^^^^^^
[INFO] [stdout]     |
[INFO] [stdout]     = note: import resolution is stuck, try simplifying macro imports
[INFO] [stdout] 
[INFO] [stdout] 
[INFO] [stdout] error: cannot determine resolution for the macro `assert_err`
[INFO] [stdout]    --> tests/mock_test.rs:381:9
[INFO] [stdout]     |
[INFO] [stdout] 381 |         assert_err!(result, expected_err);
[INFO] [stdout]     |         ^^^^^^^^^^
[INFO] [stdout]     |
[INFO] [stdout]     = note: import resolution is stuck, try simplifying macro imports
[INFO] [stdout] 
[INFO] [stdout] 
[INFO] [stdout] error: cannot determine resolution for the macro `assert_err`
[INFO] [stdout]    --> tests/mock_test.rs:401:9
[INFO] [stdout]     |
[INFO] [stdout] 401 |         assert_err!(result, expected_err);
[INFO] [stdout]     |         ^^^^^^^^^^
[INFO] [stdout]     |
[INFO] [stdout]     = note: import resolution is stuck, try simplifying macro imports
[INFO] [stdout] 
[INFO] [stdout] 
[INFO] [stdout] error: cannot determine resolution for the macro `assert_err`
[INFO] [stdout]    --> tests/mock_test.rs:414:9
[INFO] [stdout]     |
[INFO] [stdout] 414 |         assert_err!(result, expected_err);
[INFO] [stdout]     |         ^^^^^^^^^^
[INFO] [stdout]     |
[INFO] [stdout]     = note: import resolution is stuck, try simplifying macro imports
[INFO] [stdout] 
[INFO] [stdout] 
[INFO] [stdout] error: cannot determine resolution for the macro `assert_ok`
[INFO] [stdout]    --> tests/mock_test.rs:458:5
[INFO] [stdout]     |
[INFO] [stdout] 458 |     assert_ok!(result);
[INFO] [stdout]     |     ^^^^^^^^^
[INFO] [stdout]     |
[INFO] [stdout]     = note: import resolution is stuck, try simplifying macro imports
[INFO] [stdout] 
[INFO] [stdout] 
[INFO] [stdout] error[E0433]: failed to resolve: use of undeclared crate or module `utilities`
[INFO] [stdout]   --> tests/mock_test.rs:34:5
[INFO] [stdout]    |
[INFO] [stdout] 34 |     utilities::setup_tracing();
[INFO] [stdout]    |     ^^^^^^^^^ use of undeclared crate or module `utilities`
[INFO] [stdout] 
[INFO] [stdout] 
[INFO] [stdout] error[E0433]: failed to resolve: use of undeclared crate or module `utilities`
[INFO] [stdout]   --> tests/testnet_test.rs:57:5
[INFO] [stdout]    |
[INFO] [stdout] 57 |     utilities::setup_tracing();
[INFO] [stdout]    |     ^^^^^^^^^ use of undeclared crate or module `utilities`
[INFO] [stdout] 
[INFO] [stdout] 
[INFO] [stdout] error[E0433]: failed to resolve: use of undeclared crate or module `utilities`
[INFO] [stdout]    --> tests/mock_test.rs:145:5
[INFO] [stdout]     |
[INFO] [stdout] 145 |     utilities::setup_tracing();
[INFO] [stdout]     |     ^^^^^^^^^ use of undeclared crate or module `utilities`
[INFO] [stdout] 
[INFO] [stdout] 
[INFO] [stdout] error[E0433]: failed to resolve: use of undeclared crate or module `utilities`
[INFO] [stdout]    --> tests/mock_test.rs:189:5
[INFO] [stdout]     |
[INFO] [stdout] 189 |     utilities::setup_tracing();
[INFO] [stdout]     |     ^^^^^^^^^ use of undeclared crate or module `utilities`
[INFO] [stdout] 
[INFO] [stdout] 
[INFO] [stdout] error[E0433]: failed to resolve: use of undeclared crate or module `utilities`
[INFO] [stdout]    --> tests/testnet_test.rs:146:30
[INFO] [stdout]     |
[INFO] [stdout] 146 |         value: Value::Number(utilities::gwei_to_wei(AMOUNT)),
[INFO] [stdout]     |                              ^^^^^^^^^ use of undeclared crate or module `utilities`
[INFO] [stdout] 
[INFO] [stdout] 
[INFO] [stdout] error[E0433]: failed to resolve: use of undeclared crate or module `utilities`
[INFO] [stdout]    --> tests/mock_test.rs:267:5
[INFO] [stdout]     |
[INFO] [stdout] 267 |     utilities::setup_tracing();
[INFO] [stdout]     |     ^^^^^^^^^ use of undeclared crate or module `utilities`
[INFO] [stdout] 
[INFO] [stdout] 
[INFO] [stdout] error[E0433]: failed to resolve: use of undeclared crate or module `utilities`
[INFO] [stdout]    --> tests/mock_test.rs:354:5
[INFO] [stdout]     |
[INFO] [stdout] 354 |     utilities::setup_tracing();
[INFO] [stdout]     |     ^^^^^^^^^ use of undeclared crate or module `utilities`
[INFO] [stdout] 
[INFO] [stdout] 
[INFO] [stdout] error[E0433]: failed to resolve: use of undeclared crate or module `utilities`
[INFO] [stdout]    --> tests/mock_test.rs:390:5
[INFO] [stdout]     |
[INFO] [stdout] 390 |     utilities::setup_tracing();
[INFO] [stdout]     |     ^^^^^^^^^ use of undeclared crate or module `utilities`
[INFO] [stdout] 
[INFO] [stdout] 
[INFO] [stdout] error: aborting due to 3 previous errors
[INFO] [stdout] 
[INFO] [stdout] 
[INFO] [stdout] Some errors have detailed explanations: E0432, E0433.
[INFO] [stdout] 
[INFO] [stdout] For more information about an error, try `rustc --explain E0432`.
[INFO] [stdout] 
[INFO] [stderr] error: could not compile `eth-tx-manager` (test "testnet_test") due to 4 previous errors
[INFO] [stderr] warning: build failed, waiting for other jobs to finish...
[INFO] [stdout] error: aborting due to 29 previous errors
[INFO] [stdout] 
[INFO] [stdout] 
[INFO] [stdout] Some errors have detailed explanations: E0432, E0433.
[INFO] [stdout] 
[INFO] [stdout] For more information about an error, try `rustc --explain E0432`.
[INFO] [stdout] 
[INFO] [stderr] error: could not compile `eth-tx-manager` (test "mock_test") due to 30 previous errors
[INFO] [stdout] error[E0433]: failed to resolve: use of undeclared crate or module `utilities`
[INFO] [stdout]   --> tests/local_test.rs:18:5
[INFO] [stdout]    |
[INFO] [stdout] 18 | use utilities::{
[INFO] [stdout]    |     ^^^^^^^^^ use of undeclared crate or module `utilities`
[INFO] [stdout] 
[INFO] [stdout] 
[INFO] [stdout] error[E0432]: unresolved import `utilities`
[INFO] [stdout]   --> tests/local_test.rs:18:5
[INFO] [stdout]    |
[INFO] [stdout] 18 | use utilities::{
[INFO] [stdout]    |     ^^^^^^^^^ use of undeclared crate or module `utilities`
[INFO] [stdout] 
[INFO] [stdout] 
[INFO] [stdout] error: cannot determine resolution for the macro `assert_ok`
[INFO] [stdout]   --> tests/local_test.rs:64:9
[INFO] [stdout]    |
[INFO] [stdout] 64 |         assert_ok!(result);
[INFO] [stdout]    |         ^^^^^^^^^
[INFO] [stdout]    |
[INFO] [stdout]    = note: import resolution is stuck, try simplifying macro imports
[INFO] [stdout] 
[INFO] [stdout] 
[INFO] [stdout] error: cannot determine resolution for the macro `assert_ok`
[INFO] [stdout]   --> tests/local_test.rs:93:9
[INFO] [stdout]    |
[INFO] [stdout] 93 |         assert_ok!(result);
[INFO] [stdout]    |         ^^^^^^^^^
[INFO] [stdout]    |
[INFO] [stdout]    = note: import resolution is stuck, try simplifying macro imports
[INFO] [stdout] 
[INFO] [stdout] 
[INFO] [stdout] error: cannot determine resolution for the macro `assert_ok`
[INFO] [stdout]    --> tests/local_test.rs:152:9
[INFO] [stdout]     |
[INFO] [stdout] 152 |         assert_ok!(result);
[INFO] [stdout]     |         ^^^^^^^^^
[INFO] [stdout]     |
[INFO] [stdout]     = note: import resolution is stuck, try simplifying macro imports
[INFO] [stdout] 
[INFO] [stdout] 
[INFO] [stdout] error: cannot determine resolution for the macro `assert_ok`
[INFO] [stdout]    --> tests/local_test.rs:194:5
[INFO] [stdout]     |
[INFO] [stdout] 194 |     assert_ok!(result);
[INFO] [stdout]     |     ^^^^^^^^^
[INFO] [stdout]     |
[INFO] [stdout]     = note: import resolution is stuck, try simplifying macro imports
[INFO] [stdout] 
[INFO] [stdout] 
[INFO] [stdout] error: cannot determine resolution for the macro `assert_ok`
[INFO] [stdout]    --> tests/local_test.rs:237:5
[INFO] [stdout]     |
[INFO] [stdout] 237 |     assert_ok!(result);
[INFO] [stdout]     |     ^^^^^^^^^
[INFO] [stdout]     |
[INFO] [stdout]     = note: import resolution is stuck, try simplifying macro imports
[INFO] [stdout] 
[INFO] [stdout] 
[INFO] [stdout] error: cannot determine resolution for the macro `assert_ok`
[INFO] [stdout]    --> tests/local_test.rs:288:5
[INFO] [stdout]     |
[INFO] [stdout] 288 |     assert_ok!(manager);
[INFO] [stdout]     |     ^^^^^^^^^
[INFO] [stdout]     |
[INFO] [stdout]     = note: import resolution is stuck, try simplifying macro imports
[INFO] [stdout] 
[INFO] [stdout] 
[INFO] [stdout] error[E0433]: failed to resolve: use of undeclared crate or module `utilities`
[INFO] [stdout]   --> tests/local_test.rs:36:5
[INFO] [stdout]    |
[INFO] [stdout] 36 |     utilities::setup_tracing();
[INFO] [stdout]    |     ^^^^^^^^^ use of undeclared crate or module `utilities`
[INFO] [stdout] 
[INFO] [stdout] 
[INFO] [stdout] error[E0433]: failed to resolve: use of undeclared crate or module `utilities`
[INFO] [stdout]   --> tests/local_test.rs:56:34
[INFO] [stdout]    |
[INFO] [stdout] 56 |             value: Value::Number(utilities::gwei_to_wei(amount1)),
[INFO] [stdout]    |                                  ^^^^^^^^^ use of undeclared crate or module `utilities`
[INFO] [stdout] 
[INFO] [stdout] 
[INFO] [stdout] error[E0433]: failed to resolve: use of undeclared crate or module `utilities`
[INFO] [stdout]   --> tests/local_test.rs:85:34
[INFO] [stdout]    |
[INFO] [stdout] 85 |             value: Value::Number(utilities::gwei_to_wei(amount2)),
[INFO] [stdout]    |                                  ^^^^^^^^^ use of undeclared crate or module `utilities`
[INFO] [stdout] 
[INFO] [stdout] 
[INFO] [stdout] error[E0433]: failed to resolve: use of undeclared crate or module `utilities`
[INFO] [stdout]    --> tests/local_test.rs:105:5
[INFO] [stdout]     |
[INFO] [stdout] 105 |     utilities::setup_tracing();
[INFO] [stdout]     |     ^^^^^^^^^ use of undeclared crate or module `utilities`
[INFO] [stdout] 
[INFO] [stdout] 
[INFO] [stdout] error[E0433]: failed to resolve: use of undeclared crate or module `utilities`
[INFO] [stdout]    --> tests/local_test.rs:167:5
[INFO] [stdout]     |
[INFO] [stdout] 167 |     utilities::setup_tracing();
[INFO] [stdout]     |     ^^^^^^^^^ use of undeclared crate or module `utilities`
[INFO] [stdout] 
[INFO] [stdout] 
[INFO] [stdout] error[E0433]: failed to resolve: use of undeclared crate or module `utilities`
[INFO] [stdout]    --> tests/local_test.rs:187:30
[INFO] [stdout]     |
[INFO] [stdout] 187 |         value: Value::Number(utilities::gwei_to_wei(amount)),
[INFO] [stdout]     |                              ^^^^^^^^^ use of undeclared crate or module `utilities`
[INFO] [stdout] 
[INFO] [stdout] 
[INFO] [stdout] error[E0433]: failed to resolve: use of undeclared crate or module `utilities`
[INFO] [stdout]    --> tests/local_test.rs:210:5
[INFO] [stdout]     |
[INFO] [stdout] 210 |     utilities::setup_tracing();
[INFO] [stdout]     |     ^^^^^^^^^ use of undeclared crate or module `utilities`
[INFO] [stdout] 
[INFO] [stdout] 
[INFO] [stdout] error[E0433]: failed to resolve: use of undeclared crate or module `utilities`
[INFO] [stdout]    --> tests/local_test.rs:230:30
[INFO] [stdout]     |
[INFO] [stdout] 230 |         value: Value::Number(utilities::gwei_to_wei(amount)),
[INFO] [stdout]     |                              ^^^^^^^^^ use of undeclared crate or module `utilities`
[INFO] [stdout] 
[INFO] [stdout] 
[INFO] [stdout] error: aborting due to 16 previous errors
[INFO] [stdout] 
[INFO] [stdout] 
[INFO] [stdout] Some errors have detailed explanations: E0432, E0433.
[INFO] [stdout] 
[INFO] [stdout] For more information about an error, try `rustc --explain E0432`.
[INFO] [stdout] 
[INFO] [stderr] error: could not compile `eth-tx-manager` (test "local_test") due to 17 previous errors
[INFO] running `Command { std: "docker" "inspect" "2782b8067e40e20615df051a1455de534d7f5591f5a571977e02125fde541886", kill_on_drop: false }`
[INFO] running `Command { std: "docker" "rm" "-f" "2782b8067e40e20615df051a1455de534d7f5591f5a571977e02125fde541886", kill_on_drop: false }`
[INFO] [stdout] 2782b8067e40e20615df051a1455de534d7f5591f5a571977e02125fde541886
